d 324.
36
Calculate the greatest common factor of 280 and 770.
70
What is the greatest common divisor of 8 and 328?
8
What is the highest common divisor of 520 and 936?
104
What is the greatest common divisor of 26 and 52?
26
What is the highest common factor of 64 and 112?
16
Calculate the greatest common factor of 822 and 20.
2
Calculate the greatest common divisor of 1010 and 10.
10
What is the highest common divisor of 816 and 1168?
16
What is the highest common divisor of 153 and 17?
17
Calculate the greatest common factor of 2490 and 4233.
249
What is the greatest common divisor of 8 and 184?
8
What is the greatest common factor of 5590 and 585?
65
Calculate the highest common factor of 20682 and 27.
27
What is the greatest common divisor of 110 and 3905?
55
Calculate the highest common divisor of 12 and 36.
12
What is the highest common divisor of 114 and 1767?
57
What is the highest common factor of 1792 and 406?
14
Calculate the greatest common divisor of 414 and 234.
18
Calculate the highest common factor of 225 and 30.
15
Calculate the greatest common factor of 1536 and 60.
12
Calculate the greatest common divisor of 10951 and 233.
233
What is the greatest common divisor of 948 and 60?
12
What is the greatest common divisor of 396 and 36?
36
Calculate the highest common factor of 366 and 45750.
366
Calculate the greatest common factor of 99 and 9.
9
What is the greatest common divisor of 1080 and 1320?
120
Calculate the highest common factor of 276 and 336.
12
Calculate the greatest common factor of 7163 and 29.
29
Calculate the highest common factor of 2607 and 33.
33
Calculate the greatest common factor of 816 and 1968.
48
What is the highest common factor of 68 and 1241?
17
What is the greatest common divisor of 264 and 120?
24
What is the greatest common divisor of 26 and 143?
13
Calculate the highest common divisor of 3599 and 122.
61
Calculate the greatest common divisor of 164 and 6232.
164
What is the greatest common factor of 900 and 36?
36
What is the greatest common factor of 4 and 634?
2
Calculate the greatest common divisor of 570 and 210.
30
What is the greatest common factor of 259 and 111?
37
Calculate the highest common divisor of 1 and 27.
1
What is the greatest common divisor of 7498 and 163?
163
What is the highest common factor of 112 and 56?
56
What is the highest common factor of 2 and 802?
2
Calculate the greatest common factor of 870 and 3240.
30
Calculate the highest common factor of 670 and 1072.
134
What is the greatest common factor of 3 and 3?
3
What is the highest common factor of 33 and 4191?
33
What is the highest common factor of 202 and 2?
2
Calculate the greatest common factor of 943 and 23.
23
Calculate the greatest common factor of 120 and 72.
24
Calculate the highest common factor of 110 and 407.
11
Calculate the greatest common divisor of 1296 and 1080.
216
Calculate the greatest common factor of 1863 and 23.
23
Calculate the greatest common factor of 299 and 69.
23
Calculate the highest common factor of 6 and 303.
3
Calculate the greatest common divisor of 125 and 175.
25
What is the highest common divisor of 54 and 2286?
18
Calculate the highest common factor of 1376 and 280.
8
What is the greatest common factor of 183 and 122?
61
What is the highest common factor of 294 and 11907?
147
Calculate the highest common divisor of 80 and 2160.
80
Calculate the highest common divisor of 248 and 5332.
124
Calculate the highest common divisor of 969 and 153.
51
What is the greatest common factor of 2567 and 85?
17
Calculate the highest common divisor of 5122 and 2955.
197
Calculate the greatest common divisor of 1720 and 28.
4
Calculate the greatest common factor of 448 and 14.
14
What is the highest common divisor of 9255 and 15?
15
Calculate the highest common divisor of 1554 and 42.
42
Calculate the highest common factor of 24 and 240.
24
Calculate the greatest common divisor of 43 and 172.
43
What is the highest common factor of 938 and 21?
7
What is the greatest common factor of 91 and 7?
7
Calculate the greatest common divisor of 153 and 1037.
17
What is the highest common divisor of 22 and 363?
11
What is the greatest common divisor of 17 and 2?
1
Calculate the greatest common divisor of 144 and 2688.
48
Calculate the highest common factor of 112 and 256.
16
Calculate the highest common divisor of 145 and 696.
29
What is the highest common factor of 52 and 234?
26
What is the highest common divisor of 1744 and 32?
16
What is the greatest common divisor of 65172 and 12?
12
Calculate the greatest common divisor of 129 and 172.
43
Calculate the greatest common factor of 19 and 21.
1
Calculate the highest common factor of 779 and 369.
41
Calculate the greatest common factor of 35 and 125.
5
What is the greatest common divisor of 208 and 1352?
104
Calculate the highest common factor of 216 and 198.
18
Calculate the highest common divisor of 360 and 72.
72
What is the highest common factor of 909 and 9?
9
What is the greatest common divisor of 25 and 4?
1
What is the highest common factor of 158 and 632?
158
What is the highest common divisor of 204 and 816?
204
Calculate the greatest common factor of 51 and 54519.
51
What is the highest common divisor of 6 and 300?
6
What is the highest common divisor of 20059 and 26?
13
What is the highest common factor of 770 and 990?
110
What is the highest common divisor of 10 and 10?
10
What is the highest common factor of 4216 and 279?
31
What is the greatest common divisor of 108 and 30?
6
What is the highest common divisor of 235 and 517?
47
What is the greatest common divisor of 1170 and 520?
130
What is the greatest common factor of 357 and 867?
51
What is the greatest common factor of 182 and 112?
14
Calculate the highest common factor of 81 and 54.
27
What is the highest common divisor of 520 and 13?
13
What is the highest common factor of 231 and 616?
77
What is the greatest common factor of 108 and 189?
27
Calculate the highest common factor of 62 and 8122.
62
What is the greatest common factor of 124 and 62?
62
What is the greatest common divisor of 6435 and 15?
15
Calculate the highest common divisor of 12 and 111.
3
Calculate the highest common factor of 23 and 138.
23
Calculate the greatest common divisor of 228 and 12540.
228
Calculate the highest common factor of 65 and 5876.
13
What is the highest common divisor of 8 and 536?
8
What is the highest common divisor of 234 and 144?
18
Calculate the highest common divisor of 119 and 68.
17
Calculate the highest common divisor of 1014 and 234.
78
What is the highest common divisor of 81 and 9?
9
What is the greatest common factor of 7840 and 210?
70
Calculate the greatest common factor of 320 and 16160.
160
What is the highest common divisor of 146 and 16571?
73
Calculate the greatest common factor of 12 and 348.
12
Calculate the highest common divisor of 1034 and 110.
22
Calculate the highest common divisor of 295 and 5.
5
What is the highest common factor of 36 and 9981?
9
Calculate the greatest common divisor of 21 and 23.
1
Calculate the greatest common divisor of 19 and 1273.
19
Calculate the highest common factor of 22 and 4.
2
What is the greatest common divisor of 154 and 693?
77
What is the highest common divisor of 10 and 1990?
10
What is the greatest common factor of 1558 and 82?
82
What is the highest common factor of 181 and 16109?
181
Calculate the highest common divisor of 2464 and 168.
56
What is the greatest common factor of 266 and 1414?
14
Calculate the greatest common divisor of 3625 and 500.
125
Calculate the greatest common factor of 918 and 204.
102
What is the highest common factor of 81 and 6561?
81
What is the greatest common divisor of 72 and 664?
8
Calculate the highest common factor of 54 and 1332.
18
What is the highest common factor of 3828 and 144?
12
What is the highest common divisor of 1530 and 50?
10
What is the highest common divisor of 24 and 1128?
24
Calculate the greatest common factor of 710 and 71.
71
Calculate the greatest common divisor of 26 and 65.
13
Calculate the greatest common factor of 2608 and 163.
163
What is the greatest common factor of 36 and 198?
18
What is the highest common factor of 2850 and 300?
150
What is the highest common divisor o